t is the greatest common divisor of 32 and r?
16
Let o be -5 + 7 - 112*(-4 - -3). Suppose h + 4*f - o = f, f + 586 = 5*h. What is the greatest common divisor of h and 9?
9
Let m(w) = 42*w**2 + 33*w - 108. Let l be m(3). What is the greatest common factor of 45 and l?
9
Let r(p) = p + 1. Let l be r(-2). Let q be ((-6)/(-10) - 1)/(36/1620). Let f be (l + 12/(-9))*q. What is the greatest common factor of 6 and f?
6
Suppose 4*l = 2*v + 3*l - 3, 3*v - 4*l = -3. Suppose 2*a = 7*a + 3*h - 35, v*h = -2*a + 23. What is the highest common factor of a and 8?
4
Suppose 3*z + 5*p - 16 = 0, 7*z - 4*z + 4 = 5*p. Suppose 4*g - 8 + 3 = -d, -1 = -4*d + 3*g. Calculate the greatest common factor of d and z.
1
Let q(k) = -k**2 + 10*k + 41. Let v be q(11). What is the greatest common divisor of v and 65?
5
Let x = -51 + 51. Suppose x*t - 348 = -4*u - 2*t, u = 3*t + 94. Calculate the highest common divisor of u and 8.
8
Suppose 114 = 2*f - 0*f. Suppose -f = -2*u + 27. Suppose 5*s + 0*s - 3*n = 96, 2*n = 6. Calculate the greatest common divisor of u and s.
21
Let i = 251 + -167. Let m = 156 - i. Let b be (-2)/4*m/(-6). Calculate the highest common divisor of 24 and b.
6
Let s(y) = -13*y + 346. Let j be s(22). What is the highest common factor of 105 and j?
15
Let o(k) = 44*k**3 - k**2 + 4*k - 4. Let b be o(2). Suppose z + 7*z = b. Let w = 106 - -4. What is the greatest common factor of z and w?
22
Let a(u) = u**3 - 3*u**2 - 55*u + 12. Let p be a(9). What is the greatest common divisor of 3 and p?
3
Let z(x) = 2*x**2 - 30*x - 338. Let l be z(-19). Calculate the highest common divisor of l and 18.
18
Let z be (14/8 - 2)*-16 + 73. What is the greatest common factor of 7 and z?
7
Suppose -3*a + 0*a = -108. Suppose 4*r = -4*x + 5*r + 93, 0 = 5*x + 4*r - 132. What is the greatest common factor of a and x?
12
Let h = -301 + 311. What is the highest common factor of 50 and h?
10
Suppose 6 = -4*j + j. Let g = 0 - j. Let r be (g - -1) + -2 + 44. What is the highest common divisor of r and 30?
15
Let f(c) = -2*c - 2 + 2*c + 0*c**3 - 2*c + c**3. Let v be f(2). What is the highest common divisor of 1 and v?
1
Suppose 3*m - 32 = 4*n, 156*n - 5 = 151*n. What is the greatest common divisor of m and 204?
12
Let z be -36*1*(-1 + -11 + 10). Calculate the greatest common divisor of 207 and z.
9
Let j be 2*1*(1 + 19). Let i(m) = m**2 + m - 1. Let s(b) = 4*b**3 - 3*b**2 + 1. Let g be s(1). Let r be i(g). Calculate the greatest common factor of j and r.
5
Let k be ((-3)/(-2))/((-3)/(-8)). Suppose 3*c - 6 = c. Suppose 0 = -c*r + 9, -2*v + 4*r + 44 = -0*r. What is the greatest common divisor of k and v?
4
Suppose 3*u - 380 = -o, -5*u - 3*o + 636 = -0*u. Suppose 17 + 19 = 2*g. What is the highest common factor of u and g?
18
Suppose 5*j - 3*k = 175, -2*j - 133 = -6*j + k. Let n(y) = 55*y + 4. Let t be n(4). What is the highest common factor of j and t?
32
Let t = 217 + -195. What is the greatest common divisor of t and 209?
11
Let c = 29 - 11. Let t = -6464 + 6608. What is the highest common factor of c and t?
18
Let h(j) = 5*j**2 - 70*j + 442. Let c be h(9). Let k(f) = -30*f + 1. Let b be k(-1). Calculate the highest common factor of c and b.
31
Let c(q) = 154*q**2 - q - 3. Let k be c(-2). What is the greatest common divisor of 15 and k?
15
Let s be 4716/12 - (3 - 10). Calculate the greatest common factor of 75 and s.
25
Let b(n) = -14*n - 3. Suppose 2*p + 0 + 2 = 0. Let z be b(p). What is the greatest common factor of 44 and z?
11
Let s(j) = 14*j - 15. Let q be s(4). What is the greatest common factor of 246 and q?
41
Suppose 5*u = 2*u + 6. Suppose 4*c = u*c + 40. Calculate the greatest common divisor of c and 180.
20
Suppose 5*s + 198 = 2*c, 2*s = c - 25 - 75. What is the greatest common factor of c and 1248?
104
Let c = -194 - -195. What is the highest common divisor of 2 and c?
1
Suppose 240 = 8*b - 0*b. Calculate the highest common factor of 270 and b.
30
Suppose 4 + 12 = 4*y. Suppose y*g - 125 = -3*z + 130, 3*z - 135 = -2*g. What is the greatest common factor of g and 24?
12
Suppose 7*r - 1240 = -r. Suppose 5*x - 10 = r. Calculate the greatest common factor of 22 and x.
11
Let k = 602 + -592. What is the greatest common divisor of 6 and k?
2
Let w be 10 - (-3 + 3 + -2). Let d be (-18)/w + (-230)/4. Let u = -13 - d. Calculate the greatest common divisor of 69 and u.
23
Let a be (-1424)/(-34) - 92/(-782). What is the greatest common divisor of 854 and a?
14
Let c be 46/115 + 3316/10. Suppose -m - 3*h = 3*m - c, -5*m = -3*h - 388. Let s = -16 + m. Calculate the highest common factor of s and 16.
16
Let r = 0 - -3. Suppose 3*w + 7 = -4*k + 20, 5*w = -2*k + r. Suppose -q + 3*u + 53 = 21, -k*q + 138 = -2*u. Calculate the greatest common divisor of 35 and q.
35
Let c be (-6)/2*1 - (-35 + -4). What is the highest common divisor of 8 and c?
4
Let m be 114/((-4)/(-3 + 19)). Let n = -291 - m. Suppose -2*b = b - n. What is the highest common divisor of 5 and b?
5
Let v be (-2)/(-4) + (-932)/(-8). Let d = -7 + 13. Let p = 19 - d. Calculate the highest common factor of p and v.
13
Let n(d) = -2*d**3 + 2*d**2 + d + 6. Let f(v) = -2*v**3 + v**2 + 5. Let y(c) = -3*f(c) + 2*n(c). Let w be y(1). Calculate the greatest common factor of 9 and w.
1
Let p be ((-12)/(-21))/2*7. Suppose n = -2*n - p*k + 30, 5*k + 3 = -n. Let i = -69 - -81. Calculate the greatest common factor of i and n.
12
Let s = -13 + 27. Suppose -46 + s = -w. Let c be 16/(-12) - w/(-6). What is the greatest common divisor of 2 and c?
2
Let g be 356/6 - 6/(-9). Let k = 7040 - 6995. What is the greatest common divisor of k and g?
15
Suppose -2*z = -3*z + 2. Suppose u - k = z*u - 224, -3*u + 672 = -2*k. Calculate the greatest common factor of 28 and u.
28
Suppose -5*a - 140 = -3*h, 3*h + a - 119 + 3 = 0. Suppose -17*m + 22*m - 100 = 0. What is the highest common divisor of h and m?
20
Let y(o) = o**3 + 7. Suppose -5*h - 3*l + 7 = 16, -6 = -5*h + 2*l. Let d be y(h). Suppose -3*f + d*f = 448. Calculate the greatest common factor of 16 and f.
16
Let a(b) = -76*b**3 - 6*b**2 - b + 2. Let s be a(-2). What is the greatest common divisor of s and 60?
12
Let h = -26 - -52. Let z be ((-597)/(-78) + (-4)/h)*2. Let q = 141 + -66. Calculate the greatest common divisor of q and z.
15
Suppose -v + 16*i - 21*i + 110 = 0, 4*v = -2*i + 440. Let j be 1/4 - (-14)/8. Suppose 20 = 2*u - j. Calculate the greatest common factor of u and v.
11
Let p = 13 - -8. Let x(i) = 5*i + 27. Let k be x(-5). Suppose 4*n = n - k*u + 73, 115 = 5*n + 2*u. Calculate the greatest common factor of p and n.
21
Let y(i) = 11*i - 4. Let w(h) be the first derivative of 11*h**2/2 - 2*h + 13. Let n be w(1). Let b be y(n). Calculate the highest common factor of 38 and b.
19
Suppose 2*p = d + 124, 246 = -7*p + 11*p - 3*d. What is the highest common divisor of p and 21?
21
Let m be (-998)/(-2) + (72/(-6))/6. Calculate the highest common factor of 142 and m.
71
Let m(z) = 8*z**2 - 2*z - 18. Let a be m(-3). Calculate the highest common factor of a and 465.
15
Suppose c - 4 = -48. Let n = -25 - c. Let p = n + 17. Calculate the greatest common divisor of 4 and p.
4
Let j = -2 - -2. Suppose 0 = 4*b - j*b - 48. Let u be 0 + (-1 - (-2 - -5)) - -10. What is the highest common divisor of u and b?
6
Let u be (8/(-6))/(113/(-339)). What is the highest common divisor of u and 188?
4
Suppose -80 = -0*v - 3*v + 5*m, -8 = 2*m. Calculate the greatest common factor of v and 28.
4
Let j be -4 - 2*(-2)/8*476. Calculate the greatest common factor of j and 18.
18
Suppose 5*a + 3*t = 3, a + 2*a + 5*t - 5 = 0. Suppose 0*l - 3*l + 108 = a. Calculate the highest common divisor of 48 and l.
12
Let d = 168 - 134. What is the greatest common divisor of 153 and d?
17
Suppose -30*c + 1634 = -11*c. What is the highest common divisor of 3182 and c?
86
Let j be (32/(-14))/(142/(-14) + 10). Calculate the highest common factor of 64 and j.
16
Let u = -30 + 46. Suppose -3*q + 281 = -u. What is the greatest common divisor of 11 and q?
11
Suppose 0 = 56*u - 49*u - 532. Calculate the highest common factor of 8 and u.
4
Let h = 40 - 40. Suppose h = 4*j - 57 - 31. What is the greatest common divisor of 110 and j?
22
Let j be 0/(0 + -1 + 3). Let q = 263 + -155. Suppose j = 2*v + 2*v - q. What is the highest common factor of 216 